{"id":3153,"date":"2022-11-09T12:20:58","date_gmt":"2022-11-09T12:20:58","guid":{"rendered":"https:\/\/www.gmcendustriyel.com\/?page_id=3153"},"modified":"2022-11-22T09:02:59","modified_gmt":"2022-11-22T09:02:59","slug":"pnomatik-urun-grubu","status":"publish","type":"page","link":"https:\/\/www.gmcendustriyel.com\/index.php\/pnomatik-urun-grubu\/","title":{"rendered":"Pnomatik \u00dcr\u00fcn Grubu"},"content":{"rendered":"\n\n\t\t\t\t<img decoding=\"async\" src=\"http:\/\/www.gmcendustriyel.com\/wp-content\/uploads\/2022\/09\/Adsiz-tasarim.png\" alt=\"Ads\u0131z tasar\u0131m\" itemprop=\"image\" title=\"Ads\u0131z tasar\u0131m\" onerror=\"this.style.display='none'\"  \/>\n\t\t\t\t<img decoding=\"async\" src=\"https:\/\/www.gmcendustriyel.com\/wp-content\/uploads\/2022\/11\/pemaks-pnc.png\" alt=\"Pemaks PNC\" itemprop=\"image\"\/>\n\t\t\t<a href=\"https:\/\/drive.google.com\/file\/d\/1Gj3vuaGtbQxGjaHkBbofkIzwp_N4Jvp8\/view?usp=sharing\" target=\"_blank\" role=\"button\" rel=\"noopener\">\n\t\t\t\t\t\t\tD\u00f6k\u00fcmantasyon\n\t\t\t\t\t<\/a>\n\t<h3>\n\t\t\t\t\tISO 15552 Kare Silindirler\n\t\t\t\t<\/h3>\n\t\t\t<ul>\n<li>Silindir \u00e7ap\u0131 \u00d832-\u00d8320\u00a0<\/li>\n<li>Kare tiplidir.\u00a0<\/li>\n<li>Opsiyonel olarak; paslanmaz \u00e7elik, mil uzatma ve di\u015f a\u00e7ma, \u00e7ift milli, di\u015fi di\u015f, korozyona ve s\u0131cakl\u0131\u011fa kar\u015f\u0131 dayan\u0131kl\u0131l\u0131k, NBR ve viton ke\u00e7e se\u00e7enekleri, yast\u0131k ve manyetiklik \u00f6zelli\u011fi<\/li>\n<li>Geni\u015f aksesuar ve ba\u011flant\u0131 ekipman se\u00e7enekleri<\/li>\n<\/ul>\n\t\t\t\t<img loading=\"lazy\" decoding=\"async\" src=\"https:\/\/www.gmcendustriyel.com\/wp-content\/uploads\/2022\/11\/pemaks-pma.png\" alt=\"pemaks pma\" itemprop=\"image\" height=\"300\" width=\"486\" title=\"pemaks pma\" onerror=\"this.style.display='none'\"  \/>\n\t\t\t<a href=\"https:\/\/drive.google.com\/file\/d\/1GivNKiAfxhWjv5I_GwokWBhHP2HQGai7\/view?usp=sharing\" target=\"_blank\" role=\"button\" rel=\"noopener\">\n\t\t\t\t\t\t\tD\u00f6k\u00fcmantasyon\n\t\t\t\t\t<\/a>\n\t<h3>\n\t\t\t\t\tISO6432 Kalem Silindirler\n\t\t\t\t<\/h3>\n\t\t\t<ul>\n<li>Silindir \u00e7ap\u0131 \u00d88-\u00d825<\/li>\n<li>Silindirik g\u00f6vdelidir.\u00a0<\/li>\n<li>Opsiyonel olarak; paslanmaz \u00e7elik, mil uzatma ve di\u015f a\u00e7ma, \u00e7ift milli, di\u015fi di\u015f, korozyona ve s\u0131cakl\u0131\u011fa kar\u015f\u0131 dayan\u0131kl\u0131l\u0131k, NBR ve viton ke\u00e7e se\u00e7enekleri, yast\u0131k ve manyetiklik \u00f6zelli\u011fi<\/li>\n<li>Geni\u015f aksesuar ve ba\u011flant\u0131 ekipman se\u00e7enekleri<\/li>\n<\/ul>\n\t\t\t\t<img loading=\"lazy\" decoding=\"async\" src=\"https:\/\/www.gmcendustriyel.com\/wp-content\/uploads\/2022\/11\/pemaks-kompakt.png\" alt=\"kompakt\" itemprop=\"image\" height=\"307\" width=\"346\" title=\"pemaks kompakt\" onerror=\"this.style.display='none'\"  \/>\n\t\t\t<a href=\"https:\/\/drive.google.com\/file\/d\/1Gk2uho7VEX5RfhYPegz_kuhHsDF0C_bL\/view?usp=sharing\" target=\"_blank\" role=\"button\" rel=\"noopener\">\n\t\t\t\t\t\t\tD\u00f6k\u00fcmantasyon\n\t\t\t\t\t<\/a>\n\t<h3>\n\t\t\t\t\tISO21287 Kompakt Silindirler\n\t\t\t\t<\/h3>\n\t\t\t<ul>\n<li>Silindir \u00e7ap\u0131 \u00d816-\u00d8320<\/li>\n<li>Kare tiplidir.\u00a0<\/li>\n<li>Opsiyonel olarak; paslanmaz \u00e7elik, mil uzatma ve di\u015f a\u00e7ma, \u00e7ift milli, di\u015fi di\u015f, korozyona ve s\u0131cakl\u0131\u011fa kar\u015f\u0131 dayan\u0131kl\u0131l\u0131k, NBR ve viton ke\u00e7e se\u00e7enekleri, yast\u0131k ve manyetiklik \u00f6zelli\u011fi<\/li>\n<li>Geni\u015f aksesuar ve ba\u011flant\u0131 ekipman se\u00e7enekleri<\/li>\n<\/ul>\n\t\t\t\t<img loading=\"lazy\" decoding=\"async\" src=\"https:\/\/www.gmcendustriyel.com\/wp-content\/uploads\/2022\/11\/pemaks-rodless.png\" alt=\"rodless\" itemprop=\"image\" height=\"353\" width=\"523\" title=\"pemaks rodless\" onerror=\"this.style.display='none'\"  \/>\n\t\t\t<a href=\"https:\/\/drive.google.com\/file\/d\/1Gh2FnSEI-RYKqSU7VDUBv-bDdhiO_F5z\/view?usp=share_link\" target=\"_blank\" role=\"button\" rel=\"noopener\">\n\t\t\t\t\t\t\tD\u00f6k\u00fcmantasyon\n\t\t\t\t\t<\/a>\n\t<h3>\n\t\t\t\t\tRodless(Milsiz) Silindirler\n\t\t\t\t<\/h3>\n\t\t\t<ul>\n<li>Silindir \u00e7ap\u0131 \u00d818-\u00d863<\/li>\n<li>Dikd\u00f6rtgen g\u00f6vdelidir.\u00a0<\/li>\n<li>6 metreye kadar stroke imkan\u0131<\/li>\n<li>Geni\u015f aksesuar ve ba\u011flant\u0131 ekipman se\u00e7enekleri<\/li>\n<\/ul>\n\t\t\t\t<img loading=\"lazy\" decoding=\"async\" src=\"https:\/\/www.gmcendustriyel.com\/wp-content\/uploads\/2022\/11\/pemaks-tandem.png\" alt=\"tandem\" itemprop=\"image\" height=\"367\" width=\"620\" title=\"pemaks tandem\" onerror=\"this.style.display='none'\"  \/>\n\t\t\t<a href=\"https:\/\/drive.google.com\/file\/d\/1Gio6W4ruE9N3TbpH4rnSkwkNHm19hOYJ\/view?usp=share_link\" target=\"_blank\" role=\"button\" rel=\"noopener\">\n\t\t\t\t\t\t\tD\u00f6k\u00fcmantasyon\n\t\t\t\t\t<\/a>\n\t<h3>\n\t\t\t\t\t\u00d6zel Silindirler\n\t\t\t\t<\/h3>\n\t\t\t<ul>\n<li>Mini Pn\u00f6matik Silindirler<\/li>\n<li>Tandem Silindirler<\/li>\n<li>Kademeli Pnomatik Silindirler vb.<\/li>\n<li>Geni\u015f aksesuar ve ba\u011flant\u0131 ekipman se\u00e7enekleri<\/li>\n<\/ul>\n\t\t\t\t<img decoding=\"async\" src=\"https:\/\/www.gmcendustriyel.com\/wp-content\/uploads\/2022\/11\/WhatsApp-Image-2022-11-03-at-13.38.20.jpeg\" alt=\"yatakl\u0131\" itemprop=\"image\"\/>\n\t\t\t<a href=\"https:\/\/drive.google.com\/file\/d\/1GqtetB0vUajXlR003K4FEP-LtCg8DVEp\/view?usp=sharing\" target=\"_blank\" role=\"button\" rel=\"noopener\">\n\t\t\t\t\t\t\tD\u00f6k\u00fcmantasyon\n\t\t\t\t\t<\/a>\n\t<h3>\n\t\t\t\t\tYatakl\u0131 Silindirler\n\t\t\t\t<\/h3>\n\t\t\t<ul>\n<li>Silindir \u00e7ap\u0131 \u00d812-\u00d863<\/li>\n<li>D\u0131\u015f etkenlere kar\u015f\u0131 dayan\u0131kl\u0131 ve hafif al\u00fcminyum g\u00f6vde<\/li>\n<li>Eksenel y\u00f6nlerde olu\u015fabilecek e\u011filme ve d\u00f6nd\u00fcrme momentine kar\u015f\u0131 uygun tasarlanm\u0131\u015f yataklama<\/li>\n<li>Kolay montajlanabilme<\/li>\n<\/ul>\n\t\t\t\t<img decoding=\"async\" src=\"https:\/\/www.gmcendustriyel.com\/wp-content\/uploads\/2022\/11\/pemaks-ikiz-piston.png\" alt=\"ikiz piston\" itemprop=\"image\"\/>\n\t\t\t<a href=\"https:\/\/drive.google.com\/file\/d\/1Gsbq1LxZkwIXb-M142SPSvihhtH05KW7\/view?usp=sharing\" target=\"_blank\" role=\"button\" rel=\"noopener\">\n\t\t\t\t\t\t\tD\u00f6k\u00fcmantasyon\n\t\t\t\t\t<\/a>\n\t<h3>\n\t\t\t\t\t\u0130kiz pistonlu Silindirler\n\t\t\t\t<\/h3>\n\t\t\t<ul>\n<li>Silindir \u00e7ap\u0131 \u00d86-\u00d832<\/li>\n<li>\u00c7ift y\u00fczeyden sens\u00f6r ba\u011flayabilme<\/li>\n<li>0-5mm aras\u0131 stroke ayar\u0131<\/li>\n<li>Sessiz ve uzun \u00f6m\u00fcrl\u00fc \u00e7al\u0131\u015fma<\/li>\n<\/ul>\n\t\t\t\t<img decoding=\"async\" src=\"https:\/\/www.gmcendustriyel.com\/wp-content\/uploads\/2022\/11\/pemaks-kitleme.png\" alt=\"klemp\" itemprop=\"image\"\/>\n\t\t\t<a href=\"https:\/\/drive.google.com\/file\/d\/1I61YGrzCIm3RyLsOW9G_DLCf0R4pmJ1w\/view?usp=sharing\" target=\"_blank\" role=\"button\" rel=\"noopener\">\n\t\t\t\t\t\t\tD\u00f6k\u00fcmantasyon\n\t\t\t\t\t<\/a>\n\t<h3>\n\t\t\t\t\tDo\u011frusal-D\u00f6ner Klemps Silindirler\n\t\t\t\t<\/h3>\n\t\t\t<ul>\n<li>Silindir \u00e7ap\u0131 \u00d820-\u00d850<\/li>\n<li>Her y\u00fczeyde sens\u00f6r ba\u011flayabilme<\/li>\n<li>D\u00f6n\u00fc\u015f y\u00f6n\u00fc ayarlanabilme<\/li>\n<li>Kompakt ve hafif g\u00f6vde yap\u0131s\u0131<\/li>\n<\/ul>\n\t\t\t\t<img decoding=\"async\" src=\"https:\/\/www.gmcendustriyel.com\/wp-content\/uploads\/2022\/11\/pemaks-mil-kitleme.png\" alt=\"mil kitleme\" itemprop=\"image\"\/>\n\t\t\t<a href=\"https:\/\/drive.google.com\/file\/d\/1IM7P5lc7LZz3b04DFVSxZax1ke8TaitH\/view?usp=sharing\" target=\"_blank\" role=\"button\" rel=\"noopener\">\n\t\t\t\t\t\t\tD\u00f6k\u00fcmantasyon\n\t\t\t\t\t<\/a>\n\t<h3>\n\t\t\t\t\tMil Kitleme \u00dcniteleri\n\t\t\t\t<\/h3>\n\t\t\t<ul>\n<li>Silindir \u00e7ap\u0131 \u00d832-\u00d8125 i\u00e7in uygundur.(ISO 15552 i\u00e7in)<\/li>\n<li>790N &#8211; 12040N aral\u0131\u011f\u0131nda tutma kuvveti<\/li>\n<\/ul>\n\t\t\t\t<img decoding=\"async\" src=\"https:\/\/www.gmcendustriyel.com\/wp-content\/uploads\/2022\/11\/WhatsApp-Image-2022-11-03-at-13.38.20-1.jpeg\" alt=\"\u015fartland\u0131r\u0131c\u0131\" itemprop=\"image\"\/>\n\t\t\t<a href=\"https:\/\/drive.google.com\/file\/d\/1IaPNj_q62G4pLqnxGKDkG6AOqXSJ_M7C\/view?usp=sharing\" target=\"_blank\" role=\"button\" rel=\"noopener\">\n\t\t\t\t\t\t\tD\u00f6k\u00fcmantasyon\n\t\t\t\t\t<\/a>\n\t<h3>\n\t\t\t\t\tFiltre-Reg\u00fclat\u00f6r ve Ya\u011flay\u0131c\u0131\n\t\t\t\t<\/h3>\n\t\t\t<ul>\n<li>Manuel ve otomatik bo\u015faltma se\u00e7enekleri<\/li>\n<li>6400lt\/dk hava debisi(6 Bar)<\/li>\n<li>0,2-10 bar \u00e7al\u0131\u015fma aral\u0131\u011f\u0131<\/li>\n<li>5-40 mikron filtre se\u00e7ene\u011fi<\/li>\n<\/ul>\n\t\t\t\t<img decoding=\"async\" src=\"https:\/\/www.gmcendustriyel.com\/wp-content\/uploads\/2022\/11\/pemaks-filtre-regulator.png\" alt=\"filtre reg\u00fclat\u00f6r\" itemprop=\"image\"\/>\n\t\t\t<a href=\"https:\/\/drive.google.com\/file\/d\/1In04XstPR4uvNG1saeB_XXMTQvBbSGr5\/view?usp=sharing\" target=\"_blank\" role=\"button\" rel=\"noopener\">\n\t\t\t\t\t\t\tD\u00f6k\u00fcmantasyon\n\t\t\t\t\t<\/a>\n\t<h3>\n\t\t\t\t\tfiltre-reg\u00fclat\u00f6r\n\t\t\t\t<\/h3>\n\t\t\t<ul>\n<li>Manuel ve otomatik su tahliye<\/li>\n<li>Korumal\u0131 kavanoz yap\u0131s\u0131<\/li>\n<li>5-40 mikron filtre se\u00e7enekleri<\/li>\n<li>Hassas ayar \u00f6zelli\u011fi<\/li>\n<li>6600lt\/dk hava debisi(6bar)<\/li>\n<li>0,2-10 bar \u00e7al\u0131\u015fma aral\u0131\u011f\u0131<\/li>\n<\/ul>\n\t\t\t\t<img decoding=\"async\" src=\"https:\/\/www.gmcendustriyel.com\/wp-content\/uploads\/2022\/11\/pemaks-regulator.png\" alt=\"reg\u00fclat\u00f6r\" itemprop=\"image\"\/>\n\t\t\t<a href=\"https:\/\/drive.google.com\/file\/d\/1IsQMxzWUCN183Mou0ei2bKwbR6MXcBYH\/view?usp=sharing\" target=\"_blank\" role=\"button\" rel=\"noopener\">\n\t\t\t\t\t\t\tD\u00f6k\u00fcmantasyon\n\t\t\t\t\t<\/a>\n\t<h3>\n\t\t\t\t\treg\u00fclat\u00f6r\n\t\t\t\t<\/h3>\n\t\t\t<ul>\n<li>Korumal\u0131 tip manometre<\/li>\n<li>Hassas ayar \u00f6zelli\u011fi<\/li>\n<li>6600lt\/dk hava debisi(6bar)<\/li>\n<\/ul>\n\t\t\t\t<img decoding=\"async\" src=\"https:\/\/www.gmcendustriyel.com\/wp-content\/uploads\/2022\/11\/pemaks-yaglayici.png\" alt=\"ya\u011flay\u0131c\u0131\" itemprop=\"image\"\/>\n\t\t\t<a href=\"https:\/\/drive.google.com\/file\/d\/1ItQ9di0QzXMcc_en2wTlrJ2RmOIst0CA\/view?usp=sharing\" target=\"_blank\" role=\"button\" rel=\"noopener\">\n\t\t\t\t\t\t\tD\u00f6k\u00fcmantasyon\n\t\t\t\t\t<\/a>\n\t<h3>\n\t\t\t\t\tya\u011flay\u0131c\u0131\n\t\t\t\t<\/h3>\n\t\t\t<ul>\n<li>Korumal\u0131 kavanoz yap\u0131s\u0131<\/li>\n<li>Hassas ayar \u00f6zelli\u011fi<\/li>\n<li>G\u00f6vde \u00fczerinde kolay ya\u011f ekleme \u00f6zelli\u011fi<\/li>\n<li>6100lt\/dk hava debisi(6bar)<\/li>\n<\/ul>\n\t\t\t\t<img decoding=\"async\" src=\"https:\/\/www.gmcendustriyel.com\/wp-content\/uploads\/2022\/11\/festo-sartlandirici.jpg\" alt=\"\u015fartland\u0131r\u0131c\u0131\" itemprop=\"image\"\/>\n\t\t\t<a href=\"https:\/\/drive.google.com\/file\/d\/1Iv_rJ1tmzTdnWK0DjcaJmEiORMI6FNG9\/view?usp=sharing\" target=\"_blank\" role=\"button\" rel=\"noopener\">\n\t\t\t\t\t\t\tD\u00f6k\u00fcmantasyon\n\t\t\t\t\t<\/a>\n\t<h3>\n\t\t\t\t\tBas\u0131n\u00e7l\u0131 Hava Haz\u0131rlama \u00dcniteleri\n\t\t\t\t<\/h3>\n\t\t\t<ul>\n<li>Reg\u00fclat\u00f6rler<\/li>\n<li>Filtre-Reg\u00fclat\u00f6rler<\/li>\n<li>Ya\u011flay\u0131c\u0131lar<\/li>\n<li>Filtreler<\/li>\n<li>Ya\u011f tutucular<\/li>\n<li>Su separet\u00f6rleri<\/li>\n<\/ul>\n\t\t\t\t<img decoding=\"async\" src=\"https:\/\/www.gmcendustriyel.com\/wp-content\/uploads\/2022\/11\/WhatsApp-Image-2022-11-03-at-13.38.23.jpeg\" alt=\"WhatsApp Image 2022-11-03 at 13.38.23\" itemprop=\"image\"\/>\n\t<h3>\n\t\t\t\t\toransal reg\u00fclat\u00f6rler\n\t\t\t\t<\/h3>\n\t\t\t<ul>\n<li>0-9bar \u00e7al\u0131\u015fma aral\u0131\u011f\u0131<\/li>\n<li>4-20mA veya 0-10V \u00e7\u0131k\u0131\u015f se\u00e7ene\u011fi<\/li>\n<\/ul>\n\t\t\t\t<img decoding=\"async\" src=\"https:\/\/www.gmcendustriyel.com\/wp-content\/uploads\/2022\/09\/valfler.jpg\" alt=\"valf ve adas\u0131\" itemprop=\"image\"\/>\n\t\t\t<a href=\"https:\/\/drive.google.com\/file\/d\/1IzMWhVQ4366bkJXmMExwQMSpVnAt0FXv\/view?usp=sharing\" target=\"_blank\" role=\"button\" rel=\"noopener\">\n\t\t\t\t\t\t\tD\u00f6k\u00fcmantasyon\n\t\t\t\t\t<\/a>\n\t<h3>\n\t\t\t\t\tvalf ve adas\u0131\n\t\t\t\t<\/h3>\n\t\t\t<ul>\n<li>Tekil ve\/veya ada \u015feklinde kullan\u0131m<\/li>\n<li>Selenoid, hava veya mekanik yayl\u0131 tetikleme<\/li>\n<li>3\/2 Normalde Kapal\u0131, 3\/2 Normalde A\u00e7\u0131k, 5\/2 Tek Bobin, 5\/2 \u00c7ift Bobin, 5\/3 Kapal\u0131 Merkez, 5\/3 Merkez Egzoz, 5\/3 Merkez Bas\u0131n\u00e7 se\u00e7enekleri<\/li>\n<li>24VDC, 110VAC, 220VAC, 12VDC ve 24VAC g\u00fc\u00e7 se\u00e7enekleri<\/li>\n<li>Maksimum 24 valfli ada se\u00e7enekleri<\/li>\n<li>Multipin ve I\/O Link ba\u011flant\u0131 se\u00e7enekleri<\/li>\n<\/ul>\n\t\t\t\t<img decoding=\"async\" src=\"https:\/\/www.gmcendustriyel.com\/wp-content\/uploads\/2022\/11\/basinc-sensor.png\" alt=\"bas\u0131nc sensor\" itemprop=\"image\"\/>\n\t<h3>\n\t\t\t\t\tBas\u0131n\u00e7 Sens\u00f6r\u00fc\n\t\t\t\t<\/h3>\n\t\t\t<ul>\n<li>Dijital ve Analog \u00e7\u0131k\u0131\u015f se\u00e7ene\u011fi<\/li>\n<li>Bas\u0131n\u00e7(-1,+10bar) ve Vakum(-1,+1bar) se\u00e7enekleri<\/li>\n<li>4-20mA ve 1-5V se\u00e7enekleri<\/li>\n<\/ul>\n\t\t\t\t<img decoding=\"async\" src=\"https:\/\/www.gmcendustriyel.com\/wp-content\/uploads\/2022\/11\/Adsiz-tasarim-2.png\" alt=\"susturucular\" itemprop=\"image\"\/>\n\t<h3>\n\t\t\t\t\tSusturucular\n\t\t\t\t<\/h3>\n\t\t\t<ul>\n<li>Sinter, nikel, metal ve plastik malzeme se\u00e7enekleri<\/li>\n<li>Uzun ve K\u0131sa tip se\u00e7enekleri<\/li>\n<li>Korumal\u0131 tip se\u00e7ene\u011fi<\/li>\n<li>Ayarl\u0131 tip metal ve sinter se\u00e7ene\u011fi<\/li>\n<\/ul>\n\n","protected":false},"excerpt":{"rendered":"<p>D\u00f6k\u00fcmantasyon ISO 15552 Kare Silindirler Silindir \u00e7ap\u0131 \u00d832-\u00d8320\u00a0 Kare tiplidir.\u00a0 Opsiyonel olarak; paslanmaz \u00e7elik, mil uzatma ve di\u015f a\u00e7ma, \u00e7ift milli, di\u015fi di\u015f, korozyona ve s\u0131cakl\u0131\u011fa kar\u015f\u0131 dayan\u0131kl\u0131l\u0131k, NBR ve viton ke\u00e7e se\u00e7enekleri, yast\u0131k ve manyetiklik \u00f6zelli\u011fi Geni\u015f aksesuar ve ba\u011flant\u0131 ekipman se\u00e7enekleri D\u00f6k\u00fcmantasyon ISO6432 Kalem Silindirler Silindir \u00e7ap\u0131 \u00d88-\u00d825 Silindirik g\u00f6vdelidir.\u00a0 Opsiyonel olarak; paslanmaz [&hellip;]<\/p>\n","protected":false},"author":1,"featured_media":0,"parent":0,"menu_order":0,"comment_status":"closed","ping_status":"closed","template":"","meta":{"site-sidebar-layout":"no-sidebar","site-content-layout":"page-builder","ast-site-content-layout":"default","site-content-style":"default","site-sidebar-style":"default","ast-global-header-display":"","ast-banner-title-visibility":"","ast-main-header-display":"","ast-hfb-above-header-display":"","ast-hfb-below-header-display":"","ast-hfb-mobile-header-display":"","site-post-title":"disabled","ast-breadcrumbs-content":"","ast-featured-img":"disabled","footer-sml-layout":"","theme-transparent-header-meta":"","adv-header-id-meta":"","stick-header-meta":"","header-above-stick-meta":"","header-main-stick-meta":"","header-below-stick-meta":"","astra-migrate-meta-layouts":"default","ast-page-background-enabled":"default","ast-page-background-meta":{"desktop":{"background-color":"","background-image":"","background-repeat":"repeat","background-position":"center center","background-size":"auto","background-attachment":"scroll","background-type":"","background-media":"","overlay-type":"","overlay-color":"","overlay-opacity":"","overlay-gradient":""},"tablet":{"background-color":"","background-image":"","background-repeat":"repeat","background-position":"center center","background-size":"auto","background-attachment":"scroll","background-type":"","background-media":"","overlay-type":"","overlay-color":"","overlay-opacity":"","overlay-gradient":""},"mobile":{"background-color":"","background-image":"","background-repeat":"repeat","background-position":"center center","background-size":"auto","background-attachment":"scroll","background-type":"","background-media":"","overlay-type":"","overlay-color":"","overlay-opacity":"","overlay-gradient":""}},"ast-content-background-meta":{"desktop":{"background-color":"var(--ast-global-color-5)","background-image":"","background-repeat":"repeat","background-position":"center center","background-size":"auto","background-attachment":"scroll","background-type":"","background-media":"","overlay-type":"","overlay-color":"","overlay-opacity":"","overlay-gradient":""},"tablet":{"background-color":"var(--ast-global-color-5)","background-image":"","background-repeat":"repeat","background-position":"center center","background-size":"auto","background-attachment":"scroll","background-type":"","background-media":"","overlay-type":"","overlay-color":"","overlay-opacity":"","overlay-gradient":""},"mobile":{"background-color":"var(--ast-global-color-5)","background-image":"","background-repeat":"repeat","background-position":"center center","background-size":"auto","background-attachment":"scroll","background-type":"","background-media":"","overlay-type":"","overlay-color":"","overlay-opacity":"","overlay-gradient":""}},"footnotes":""},"class_list":["post-3153","page","type-page","status-publish","hentry"],"_links":{"self":[{"href":"https:\/\/www.gmcendustriyel.com\/index.php\/wp-json\/wp\/v2\/pages\/3153","targetHints":{"allow":["GET"]}}],"collection":[{"href":"https:\/\/www.gmcendustriyel.com\/index.php\/wp-json\/wp\/v2\/pages"}],"about":[{"href":"https:\/\/www.gmcendustriyel.com\/index.php\/wp-json\/wp\/v2\/types\/page"}],"author":[{"embeddable":true,"href":"https:\/\/www.gmcendustriyel.com\/index.php\/wp-json\/wp\/v2\/users\/1"}],"replies":[{"embeddable":true,"href":"https:\/\/www.gmcendustriyel.com\/index.php\/wp-json\/wp\/v2\/comments?post=3153"}],"version-history":[{"count":13,"href":"https:\/\/www.gmcendustriyel.com\/index.php\/wp-json\/wp\/v2\/pages\/3153\/revisions"}],"predecessor-version":[{"id":3234,"href":"https:\/\/www.gmcendustriyel.com\/index.php\/wp-json\/wp\/v2\/pages\/3153\/revisions\/3234"}],"wp:attachment":[{"href":"https:\/\/www.gmcendustriyel.com\/index.php\/wp-json\/wp\/v2\/media?parent=3153"}],"curies":[{"name":"wp","href":"https:\/\/api.w.org\/{rel}","templated":true}]}}